 h(-10). Let m = j + y. Is m composite?
False
Let r(z) be the third derivative of -z**6/120 + z**5/3 + 19*z**4/24 + 13*z**3/2 - z**2 + 59*z. Is r(20) composite?
False
Suppose -5 - 15 = -4*p, 2*p - 420 = u. Let a = 1597 + u. Is a prime?
True
Let y(x) = -107038*x + 1089. Is y(-1) prime?
True
Let a = 197092 + -128733. Is a a composite number?
True
Let o be ((-5)/(-2))/((-10)/(-8)). Let t(g) = 857*g**2 + 9*g - 19. Is t(o) composite?
True
Suppose 2*c = -5*c + 4*c. Suppose 3*f - 2 = f + 2*a, c = 3*f + 3*a - 27. Suppose -4*d + 4192 = -0*d + f*u, -2*d - 3*u = -2098. Is d a composite number?
True
Let c(d) = -86973*d - 4163. Is c(-12) a composite number?
False
Let t(y) = 550*y + 7. Let f(h) = 550*h + 6. Let r(q) = 6*f(q) - 5*t(q). Suppose -11*n = -24*n + 39. Is r(n) a prime number?
False
Suppose n + 11 = -4*x, -52*n - x - 2 = -51*n. Is n*(-53361)/(-7) + -2 composite?
False
Suppose -2*i + 139702 = 4*w, 121*w + 69851 = i + 116*w. Is i a composite number?
True
Suppose 3*f + 62 - 71 = 0, -1113679 = -2*g + 5*f. Is g a composite number?
True
Let b(p) = 15*p**3 - 7*p**2 - 8*p + 1. Suppose -9*m + 132 = 13*m. Is b(m) composite?
True
Let f = -555 + 556. Is (66 - 16)*13 + f*-1 prime?
False
Let j(k) = -6*k**3 + 25*k - 25*k**2 - 25*k**3 + 24 + 30*k**3. Is j(-27) a composite number?
True
Suppose 0 = 2*d - 8*d + 474. Suppose d*h - 9852 = 75*h. Is h composite?
True
Suppose 0 = -5*s + 3*f + 30630, -2*s + s = 4*f - 6103. Suppose 1486 + s = 7*g. Is g a composite number?
False
Suppose -5*g + k + 976939 = 0, -529*k + 586137 = 3*g - 534*k. Is g a composite number?
False
Suppose -190020 = -5*p + 4*s + 121179, -5*p + s + 311211 = 0. Is p prime?
False
Let g(k) = 4*k**2 + 4*k - 39. Let u(l) = -4*l + 61. Suppose 3*v = 5*w + 19 + 15, v - 3*w - 6 = 0. Let q be u(v). Is g(q) a composite number?
False
Let i(h) = -h**3 - h**2 - h + 2. Let v(q) = -5*q**3 + 41*q**2 + 52*q - 15. Let x(c) = -4*i(c) + v(c). Is x(42) composite?
False
Let k(w) = 2370*w**2 - 811*w + 4859. Is k(6) a composite number?
False
Let d be 1 + 2 - (16 + -21). Suppose -d*t = -27408 - 6712. Is t composite?
True
Let s = -24 + 34. Let i(p) = -p**2 + 1. Let h(d) = -2*d**2 - 3*d + 12. Let t(j) = h(j) - 3*i(j). Is t(s) prime?
True
Let i = 25095 - -55544. Is i prime?
False
Let o = 46 - 44. Suppose 2 = -a + 2*c, o*c = 5*c. Is 37 - (0/a)/(-2) composite?
False
Let b = -250 - -144. Let a = 29 - b. Let i = a - -152. Is i composite?
True
Let d be -5 - -30 - (-9 - -8). Suppose -j - 1 = 0, 0 = -2*f - j + 4115 - d. Is f a composite number?
True
Suppose -24 = -5*j + r, 4*j = -4*r + 7 + 17. Suppose 4*h + v - 14873 = 0, 2*h - j*v = 4143 + 3310. Is h composite?
False
Let i be -3 + 1 + (-20)/10. Is (-2 - 20/i) + 5144 a prime number?
True
Let k be (-502)/((-8)/14*(-35)/10). Let m = -28 - k. Is m composite?
False
Is (-13 - -5 - 40205/1)*(-1 + 0) prime?
True
Suppose 11*z - 15*z = 5*s - 2, 0 = -5*s + 4*z + 18. Let c = -5 - -8. Suppose 3*j = -s*h + 5*j + 2798, -c*j = 0. Is h a composite number?
False
Let r(q) = 13*q + 64. Let x be r(-5). Let t be -5 + (-1 - (-3 + 2)). Is ((-694)/3 + t)/(x/9) a composite number?
True
Is ((-54)/(-81))/(-2 + (-48)/(-27)) + 590870 composite?
False
Suppose -9*t = -5*t - 252. Suppose -32*s = -t*s + 139283. Is s prime?
True
Let r = -83463 - -48231. Let v = r - -59715. Is v prime?
False
Let c(x) = -25*x + 22. Let d be c(-12). Suppose d + 302 = 2*y. Let g = -125 + y. Is g composite?
True
Let p(q) = q + 26. Let k be p(-11). Suppose k*j - 1286470 + 394855 = 0. Is j prime?
True
Let m(n) = -184*n**2 + 180*n**2 - 165*n**3 - 5*n + 3*n. Is m(-1) a composite number?
False
Let j be (-6 + 12)/(5/2 + -1). Suppose 0 = -5*m - r + 41036, j*m + 5*r = 3*m + 8212. Is m prime?
False
Suppose 118*j = 1691795 + 899603. Is j a composite number?
False
Suppose 4*t + 5*u = -19351, 3467 + 1368 = -t - 4*u. Is (-1 - t) + (6 - 9) prime?
False
Let o be 4/14 - (179699/7 + -1). Let g = o - -36801. Is g a prime number?
True
Let z(n) = -19*n + 4. Let s = -31 - -26. Let j be z(s). Suppose o + 32 - j = 0. Is o composite?
False
Let g = 308 - 288. Suppose 4*j - 50320 = -d - 0*d, -5*d = g. Is j a prime number?
False
Let g(m) = -175*m**2 - 2*m + 16. Let k be g(7). Let t = k + 26928. Is t a prime number?
False
Suppose 5*w = -296 - 139. Suppose 0 = l - 106 - 58. Let s = l - w. Is s composite?
False
Suppose 0 = 3*c - 2*t - 36331, -24238 = -2*c - 0*c - 3*t. Suppose -s - 102 = -c. Is s prime?
True
Let n(z) = z**2 - z - 1. Let l(u) = -3*u + 62. Let t be l(20). Let a be n(t). Suppose m = -a, -h + 246 = -4*m - 185. Is h a composite number?
True
Suppose 3*h = 3*y + 18, 2*h - 3*y + 2*y - 10 = 0. Suppose -h*d + 1099 + 5305 = 0. Suppose -2*n + d = 415. Is n prime?
True
Let p(v) = -8*v**3 + 11*v**2 + 16*v + 6. Let k be p(-9). Suppose -30*t = -35*t + k. Let h = t + -290. Is h composite?
True
Let s = 5448 + -3057. Let q = 4850 - s. Is q a prime number?
True
Suppose -23533 = 9*i - 331054. Is i a composite number?
True
Is (-9 + (-20)/(-5))*1*(-538565)/25 a composite number?
False
Let d be (-48)/40*2/((-8)/10). Let g(r) = 299*r**2 + 4*r + 4. Is g(d) composite?
False
Let x(l) = -32*l + 112. Let j be x(4). Is (-112308)/j + 4/(-16) a composite number?
False
Let o = -19581 - -106334. Is o a composite number?
False
Is (-11)/(231/(-21028))*561/44 prime?
False
Is -5 + (232567 - (-15)/5 - (-34)/17) a prime number?
True
Is ((247710920/(-12))/23)/(-2 + 4/3) a prime number?
False
Let a(k) = -63*k**3 - 9*k**2 + k + 4. Let n be 2/((-40)/6 - -6). Is a(n) a composite number?
False
Let p = 111 - 78. Suppose 0 = -36*l + p*l + 4827. Suppose 1606 = 4*h - 2*o, -h - 5*o = -5*h + l. Is h a composite number?
False
Let f = 260 + 1365. Let g = f + 536. Is g composite?
False
Let g(y) be the second derivative of -19*y**3/6 + 91*y**2 + 7*y + 12. Is g(-29) prime?
True
Let q(h) = 87*h**2 + 8*h + 28. Let d(z) = z - 15. Let b be d(12). Is q(b) composite?
False
Suppose 6924 = -3*n + n. Let x = n + 5336. Is x a composite number?
True
Suppose 0 = 5*o - 15 - 0, 3*i = 2*o + 9. Suppose i*t - 6*t = -5*c - 35, 2*c = -2*t + 106. Let f = t + 113. Is f a prime number?
True
Suppose -2*u + 2*z + 494018 = 129986, -5*u + 4*z + 910081 = 0. Is u prime?
False
Suppose -34280 = 459*n - 464*n. Let u = n + -3653. Is u a composite number?
False
Suppose -10*h + 112832 = -2*h. Suppose x = -7*x + h. Let n = x - 690. Is n composite?
True
Let x(t) = t - 8. Let f be x(13). Suppose 1255 = -f*m + 6*m. Is m a prime number?
False
Let g(w) = -2*w**3 - 6*w**2 - w - 12. Let y be g(-11). Let o = -658 + y. Is o a composite number?
False
Let i(b) = 2*b**2 - 6*b + 4. Let v be i(3). Suppose 0 = -2*y + y - 4*w, 4*w - 12 = -v*y. Is 21/140*y + 10864/10 composite?
False
Let c(t) = -t**3 + 68*t**2 + 50*t - 1508. Is c(33) prime?
False
Let h = -652 + 943. Suppose -2*s + 4*o = -22, 4 = -15*s + 14*s - 3*o. Suppose 6*y - h = s*y. Is y prime?
False
Suppose 0 = -2*j - 3*t + 687149, -2*t = -j - 6*t + 343587. Is j prime?
False
Is 23008580/3874 - 6/26 composite?
False
Let l(i) = 1980*i**2 + 34*i + 479. Is l(-12) composite?
False
Suppose 90 = -2*o + 88. Is 1042/(-3*o/(-1) - -5) a prime number?
True
Let t be (-1 - 0)*(3 - 6 - -4). Is t*14538*(-33)/66 composite?
True
Let s = 443367 - -2324. Is s composite?
False
Let n = 366308 - 193647. Is n a prime number?
False
Suppose 0 = h - 6*h - 4705. Let b = -2267 + 5367. Let i = b + h. Is i a prime number?
False
Suppose 0 = 3*r + 17*m - 16*m - 13, 0 = -5*r - 4*m + 24. Suppose r*d - 1713 = 20*t - 15*t, 437 = d - 3*t. Is d composite?
True
Let a = -304101 + 738110. Is a prime?
True
Suppose -11*u + 1202 = 234. Let l = 157 - u. Is l a prime number?
False
Let l = -104630 + 228517. Is l prime?
True
Let j be 2 - (14/(-6) - -2)*0. Suppose j*t = 1099 + 529. Let b = t - 181. Is b a composite number?
True
Suppose 4048 = 2*w + 2*p - 2058, -5*p - 9191 = -3*w. Suppose -9*b = -6*b + w. Let j = 2098 + b. Is j a composite number?
True
Let h be (5/((-5)/(-2)))/1. Let o be 208/56 + (-10)/14. Suppose -o*k = -4*z + 2354, 8*z = 4*z + h*k + 2352. Is z prime?
True
Suppose 185*l - 204880 = 201*l. Let r = 8096 - l. Is r a composite number?
True
Suppose 4*v + 2*r + 12700 = 6*v, -4*v - 4*r = -25432. Let n = -553 + v. Is n prime?
True
Let w(n) = 16544*n - 3975. Is w(46) composite?
True
Suppose 14*t = -5*h + 10*t + 308, 0 = -h + t + 58. Suppose 0 = h